ermine a(-9).
13
Let u(k) = -k**3 + 2*k**2 + 5*k + 2. Determine u(-2).
8
Let f(s) = 3*s - 5. Determine f(2).
1
Let g(k) = k**2 - 2*k - 88. Calculate g(9).
-25
Let v(g) = 2*g**2 - g + 1. Determine v(1).
2
Let j(z) = -z**3 + 5*z**2 + 51*z - 3. Calculate j(10).
7
Let t(m) = -m**3 - 6*m**2 + 8*m - 5. Determine t(-6).
-53
Let v(d) = -7*d**2 + 5*d. Calculate v(2).
-18
Let l(s) = -s**3 + 21*s**2 - 18*s - 3. Calculate l(20).
37
Let o(a) = a**3 + 17*a**2 + 18*a + 26. Calculate o(-16).
-6
Let d(z) = z**3 + 18*z**2 + 17*z + 37. Give d(-17).
37
Let j(i) = -i**3 - 26*i**2 - 47*i + 28. Give j(-24).
4
Let u(h) = -10*h - 4. Give u(4).
-44
Let g(d) = 13*d - 32. Calculate g(5).
33
Let k(v) = v**3 + 12*v**2 + 10*v + 13. What is k(-11)?
24
Let a(c) = -3*c**2 - 41*c + 47. Give a(-14).
33
Let q(z) = -z**3 - 7*z**2 - 2*z + 9. Determine q(-4).
-31
Let z(a) = 65*a**3 + a**2 - 2*a + 2. Determine z(1).
66
Let d(y) = 2*y**2 + 2*y - 8. What is d(0)?
-8
Let r(y) = 7*y - 32. Give r(6).
10
Let f(o) = -44*o + 140. Determine f(3).
8
Let t(j) = -5*j + 5. What is t(2)?
-5
Let h(y) = y**3 - 32*y**2 - 70*y + 55. Determine h(34).
-13
Let u(m) = m**3 - 2*m**2. Give u(2).
0
Let x(t) = 65*t + 1232. Give x(-19).
-3
Let f(s) = 18*s**2 + 2*s + 1. Give f(2).
77
Let w(h) = h**3 - 3*h**2 + h - 3. Calculate w(2).
-5
Let x(s) = s + 39. Calculate x(-7).
32
Let p(z) = -z**3 - 11*z**2 + 32*z + 413. Give p(-10).
-7
Let f(s) = 2*s**2 + 34*s - 6. Determine f(-17).
-6
Let x(n) = n**2 - 6*n + 2. Give x(6).
2
Let o(q) = -5*q**2 + 2*q + 1. What is o(-1)?
-6
Let y(n) = -n**3 + 18*n**2 + 37*n + 40. What is y(20)?
-20
Let k(v) = -3*v**2 - 20*v - 31. Determine k(-5).
-6
Let t(w) = -9*w + 2. Determine t(-3).
29
Let i(z) = -z**3 + 18*z**2 - 18*z + 21. Give i(17).
4
Let s(y) = y**2 - 14*y + 16. Determine s(12).
-8
Let y(u) = 13*u**3 + u**2 - u - 2. Calculate y(-1).
-13
Let h(p) = -2*p**3 + 3*p**2 - 2. Calculate h(2).
-6
Let f(m) = m**2 - 5*m - 4. Give f(6).
2
Let i(u) = -u**3 + 7*u**2 - 2*u - 5. Calculate i(7).
-19
Let b(k) = 41*k - 1. Give b(1).
40
Let u(m) = m**3 - 16*m**2 + 16*m - 17. Calculate u(15).
-2
Let l(i) = -i**2 - 4*i + 511. Calculate l(-25).
-14
Let g(s) = s**3 + 15*s**2 + 9*s + 405. What is g(-16)?
5
Let y(z) = 8*z - 37. Calculate y(4).
-5
Let s(p) = -2*p**3 - 4*p + 1. Calculate s(2).
-23
Let t(y) = -3*y + 13. What is t(4)?
1
Let d(p) = 6*p + 1. What is d(-1)?
-5
Let m(h) = h**3 + 14*h**2 + 13*h - 4. Determine m(-13).
-4
Let v(o) = 2*o + 8. What is v(12)?
32
Let a(o) = o**3 - 9*o**2 + 7*o + 7. Give a(8).
-1
Let j(s) = 103*s - 611. Determine j(6).
7
Let g(z) = -z**2 - 43*z + 181. Determine g(4).
-7
Let o(a) = 9*a - 12. Determine o(-2).
-30
Let p(i) = i**2 + 13*i - 72. Determine p(-17).
-4
Let y(f) = f**2 - 11*f + 7. Give y(11).
7
Let o(m) = m**2 + 9*m - 65. What is o(-13)?
-13
Let l(m) = m**3 - 11*m**2 + 10*m - 13. Give l(10).
-13
Let k(i) = i**2 + 14*i - 9. Calculate k(-14).
-9
Let a(h) = -h - 4. Give a(-5).
1
Let k(d) = -d**3 - 5*d**2 - 9*d + 4. Calculate k(-4).
24
Let n(v) = -3*v**3 - 4*v**2 + 11*v + 2. What is n(-3)?
14
Let u(q) = q - 35. Calculate u(0).
-35
Let n(b) = -2*b + 15. Determine n(6).
3
Let f(p) = 9*p + 17. Determine f(-5).
-28
Let l(u) = u**3 + u**2 + 21. Calculate l(0).
21
Let m(d) = -d**3 + 17*d**2 + 10*d + 128. Calculate m(18).
-16
Let j(g) = g**3 + g**2 - 3*g + 2. What is j(-3)?
-7
Let c(s) = 4*s + 32. Calculate c(-13).
-20
Let t(y) = 33*y - 1. Calculate t(-1).
-34
Let g(v) = -v**2 - 7*v - 5. Calculate g(-7).
-5
Let j(d) = 2*d - 1. What is j(-9)?
-19
Let c(w) = 21*w + 9. Calculate c(-4).
-75
Let v(l) = 5*l + 39. Give v(-8).
-1
Let b(k) = -k**3 - 10*k**2 - 11*k - 9. What is b(-7)?
-79
Let c(q) = -q**3 - 13*q**2 - 22*q - 10. What is c(-11)?
-10
Let s(o) = 3*o + 4. Determine s(5).
19
Let y(t) = t**3 - 5*t**2 + 2*t + 2. Determine y(4).
-6
Let f(n) = n**3 - 4*n**2 - 4*n - 4. Determine f(4).
-20
Let x(y) = -y**2 + 2*y - 8. Determine x(0).
-8
Let v(u) = 17*u - 1. Give v(2).
33
Let m(c) = -c**3 + 8*c**2 - 7*c + 8. Calculate m(5).
48
Let g(j) = 42*j + 291. Determine g(-7).
-3
Let c(v) = v**2 - 8*v - 9. What is c(8)?
-9
Let i(k) = -3*k + 7. Calculate i(2).
1
Let j(u) = 3*u**2 - u - 20. Calculate j(4).
24
Let r(u) = u**2 + 11*u + 6. What is r(-10)?
-4
Let n(f) = 10*f + 99. Determine n(-10).
-1
Let o(n) = 24*n**2 - 2*n + 1. What is o(1)?
23
Let o(h) = -11*h**2 + 2*h. Give o(-2).
-48
Let z(y) = 5*y - 37. What is z(4)?
-17
Let p(f) = 11*f + 553. Calculate p(-51).
-8
Let z(h) = -151*h + 3. Determine z(0).
3
Let f(q) = q**3 - 21*q**2 + 20*q - 11. Determine f(20).
-11
Let k(c) = -5*c - 208. What is k(-36)?
-28
Let j(y) = 15*y + 4. Calculate j(-3).
-41
Let l(f) = f**3 + 16*f**2 - 14*f + 65. Give l(-17).
14
Let r(l) = -l**2 + 9*l - 4. What is r(1)?
4
Let f(w) = -2*w**3 + w**2 + 2*w + 1. Calculate f(2).
-7
Let g(z) = z**3 + 2*z**2 - 39. Determine g(0).
-39
Let x(h) = 10*h**3 - 2*h - 2. Calculate x(-1).
-10
Let t(n) = n**3 + 4*n**2 + 2*n - 4. Determine t(-3).
-1
Let g(b) = -b**3 - b**2 - b + 1. What is g(0)?
1
Let v(o) = 3*o - 9. What is v(9)?
18
Let o(z) = z**2 + 29*z - 37. Calculate o(-30).
-7
Let v(u) = 13*u. What is v(-1)?
-13
Let n(h) = -h**3 + 14*h**2 - h + 4. Calculate n(14).
-10
Let w(r) = -r**3 + 10*r**2 - 8*r - 4. Determine w(9).
5
Let y(u) = 4*u - 55. Calculate y(19).
21
Let b(x) = -3*x - 17. Give b(-12).
19
Let d(m) = -2*m**2 - 9*m - 21. What is d(-7)?
-56
Let t(w) = -w**2 + 2*w - 4. Calculate t(-5).
-39
Let p(x) = x**2 - 19*x + 70. What is p(14)?
0
Let g(z) = 2*z**2 + 18*z - 17. What is g(-10)?
3
Let p(t) = -2*t**2 - 7*t + 1. Calculate p(-5).
-14
Let m(g) = -g**2 + 10*g - 11. Determine m(8).
5
Let w(s) = -s + 6. Determine w(9).
-3
Let t(k) = -k - 16. Give t(-6).
-10
Let t(u) = 5*u**2 - 2*u - 2. Give t(-1).
5
Let p(x) = 5*x**2 + 21*x - 4. Determine p(-4).
-8
Let w(t) = t**3 + 2*t**2 - 6*t - 8. Calculate w(-3).
1
Let c(m) = -m**3 - 2*m**2 + m + 4. Give c(-2).
2
Let f(s) = s**3 + 17*s**2 + 20*s + 52. Calculate f(-16).
-12
Let d(j) = j**2 + 11*j + 11. Give d(-9).
-7
Let u(k) = k**3 + 8*k**2 + 5*k + 42. What is u(-8)?
2
Let p(j) = 8*j - 7. Determine p(5).
33
Let p(q) = -q**3 + 6*q**2 - 6*q - 9. Give p(5).
-14
Let q(y) = -y - 4. Determine q(4).
-8
Let g(q) = q**3 + 5*q**2 + 2*q + 4. Give g(0).
4
Let o(m) = -2*m - 7. Determine o(-12).
17
Let p(w) = -3*w**2 - 9*w + 16. Calculate p(-8).
-104
Let s(w) = w**2 - 10*w - 17. Determine s(7).
-38
Let q(m) = -m**2 - 15*m + 75. Give q(-19).
-1
Let c(q) = -q**3 + 9*q**2 - 9*q + 1. Determine c(8).
-7
Let g(j) = 2*j - 2. Give g(1).
0
Let g(x) = x**3 - 9*x**2 + 14*x - 5. Determine g(7).
-5
Let b(w) = -2*w**2 + w - 2. Calculate b(2).
-8
Let o(n) = n**3 - 9*n**2 + 26. Give o(9).
26
Let a(c) = -c**3 - 12*c**2 + 2*c + 19. Calculate a(-12).
-5
Let z(v) = 2*v**2 - 4*v + 5. Determine z(5).
35
Let f(w) = 54*w + 651. Give f(-12).
3
Let d(k) = k**3 - 7*k**2 + 5*k - 9. Calculate d(6).
-15
Let l(d) = -d**3 - d**2 - 14. Give l(0).
-14
Let q(u) = -u**3 - 5*u**2 - 5*u - 5. Give q(-4).
-1
Let g(t) = -13*t**3 + 2*t**2 + t - 3. Determine g(2).
-97
Let o(v) = 11*v + 10. Determine o(-7).
-67
Let f(y) = y + 13. Give f(-17).
-4
Let h(d) = -5*d**2 - 4*d - 1. Give h(3).
-58
Let s(p) = -p**3 - 3*p**2 + 4. Give s(-3).
4
Let s(o) = -4*o. What is s(-6)?
24
Let s(v) = 2*v**2 - 38*v - 73. Calculate s(-2).
11
Let s(j) = j**2 + 4*j - 20. What is s(-6)?
-8
Let m(s) = s**3 - 3*s**2 - 2*s + 13. Calculate m(-4).
-91
Let a(p) = -2*p + 23. Calculate a(9).
5
Let r(c) = -4*c**2 + c - 2. What is r(-2)?
-20
Let v(p) = -4*p**3 + 5*p**2 - 4*p - 2. Determine v(2).
-22
Let f(w) = -13*w**3 - w**2 - 2*w + 2. Determine f(1).
-14
Let b(x) = -x**3 + 7*x**2 - 7*x + 6. Give b(5).
21
Let f(x) = -47*x. What is f(-3)?
141
Let t(f) = f**3 - f**2 - 15*f - 2. Calculate t(4).
-14
Let y(x) = 6*x**3 + 2*x**2. What is y(-1)?
-4
Let c(m) = -23*m - 7. Calculate c(-5).
108
Let s(g) = -g**2 - 5*g + 50. Determine s(5).
0
Let m(b) = -b**3 - 7*b**2 + 5*b + 4. Give m(-3).
-47
Let c(q) = q + 16. Determine c(-17).
-1
Let o(w) = w**2 + 10*w + 11. What is o(6)?
107
Let b(v) = 2*v**2 - 5*v - 13. What is b(6)?
29
Let g(t) = -t**3 + 9*t**2 + 24*t - 13. Determine g(10).
127
Let p(f) = f**2 + 9*f - 11. What is p(-10)?
-1
Let k(q) = 3*q**3 + q**2 - 2*q - 1. Calculate k(2).
23
Let k(q) = -q**2 - 68*q - 857. Determine k(-51).
10
Let